(u).
7
Let d(f) = -14*f + 3. Let y(j) = 99*j - 22. Let z(l) = 22*d(l) + 3*y(l). Give z(1).
-11
Let r(o) = 3*o - 3*o - o**3 + 6*o**2 + 5. Suppose b - 3 = 3. Let j be r(b). Let s(t) = 2*t - 4. What is s(j)?
6
Let r = 7 + -10. Let t(u) = 0*u**2 - 2*u - 6 + u**2 + 0. Let z(f) = 2*f**2 - f - 7. Let d(h) = 3*t(h) - 2*z(h). What is d(r)?
-1
Let m(a) = 2*a**3 + 6*a**2 - 13*a + 10. Let h(w) = -w**3 - 3*w**2 + 6*w - 5. Let z(p) = -7*h(p) - 3*m(p). What is z(-4)?
1
Let z(u) = 4*u**2 - 12*u + 7. Let o(w) = -w**2 + 4*w - 2. Let b(i) = 7*o(i) + 2*z(i). Let g be b(-3). Let m(j) = j**3 + 3*j**2 + 2*j - 3. Give m(g).
-9
Suppose -4*f = -0*f + 16. Let q(b) be the third derivative of b**5/60 + b**4/4 + b**3 - 58*b**2. Determine q(f).
-2
Let p(i) be the third derivative of -i**5/60 - i**4/24 + 5*i**3/6 + 2*i**2. Let j be p(0). Let v(a) = -24*a + 5 - 18*a + 41*a. Calculate v(j).
0
Let z be -4*(-2)/4 - 6. Let x(p) = p**2 + p + 1. Let o(f) = 6*f**2 + 9*f + 9. Suppose -6*j + 3*j + 3 = 0. Let m(i) = j*o(i) - 5*x(i). What is m(z)?
4
Let q be 3/(-2)*(-16)/(-12). Let c(z) = z**2 + 7*z - 6. Let a(u) = u - 1. Let x(o) = -6*a(o) + c(o). Calculate x(q).
2
Let f be (-2)/4 + (-44)/(-8). Suppose -3*o - f = 5*m + 12, -5*o - 19 = -m. Let w(p) = 4*p**2 - p. Calculate w(m).
5
Let p(m) = 2*m**2 - 7*m + 2. Let z(t) = -3*t**2 + 13*t - 4. Let f(n) = -5*p(n) - 3*z(n). Let d be (1 - 1 - -1) + -7. Calculate f(d).
-10
Let s(p) = 2*p. Let l(i) = -5*i. Let b(r) = 3*l(r) + 8*s(r). Determine b(1).
1
Let w(x) = -x**2 - x - 5. Let j(g) = -g**2 - g - 4. Let a(k) = -5*j(k) + 6*w(k). Suppose 3*n = -3*h, 5*n = 2*h + 1 - 36. Suppose -d + h*d = 0. Calculate a(d).
-10
Suppose 0 = -5*o - 5*d + 40, 4*d = 4*o - 25 + 1. Let s(k) = -3*k**3 - o*k**2 + 4*k**3 + k**3 - 6*k - 6 - 3*k**3. Give s(-6).
-6
Let v(m) = 3*m + 4*m + 0*m**2 + 2*m**2 - 1 - 3*m**2. Let x(u) be the third derivative of -u**5/60 - 5*u**4/12 + u**3 - 2*u**2. Let b be x(-10). Determine v(b).
5
Let o(m) = -2 + 0 - 33*m + 34*m + 0. Give o(-5).
-7
Suppose -325 = 7*y - 339. Let h(a) = -3 - 2*a**3 + 8 - 3 - 4*a + 3*a**2. Give h(y).
-10
Let q(g) = g - 1. Let h(m) = m - 3. Let c(r) = -2*h(r) + 4*q(r). Let w = -9 - -13. Let d = w - 6. Give c(d).
-2
Let k(q) = -4*q - 4. Let c(d) = 9*d + 9. Let f(x) = -2*c(x) - 5*k(x). Calculate f(-4).
-6
Let v be 0*1/(-2) + 3. Let u(n) be the first derivative of 7*n**2 + n - v*n**2 - 3*n**2 - 2. What is u(1)?
3
Let v(q) be the first derivative of -q**3/3 - q**2/2 + 4*q + 3. Let k(l) = -4*l**2 - 4*l + 13. Let n(c) = -2*k(c) + 7*v(c). Determine n(-2).
4
Let d(w) = -5*w - 5. Let z(a) = -14*a - 14. Let t(o) = 8*d(o) - 3*z(o). Determine t(-4).
-6
Let t(c) = -3*c**3 - 4*c**2 - 4*c + 9. Let f(s) = 15 - 5*s - 11*s**3 + 0*s**2 - 4*s**2 - 5 + 7*s**3. Let i(o) = -4*f(o) + 5*t(o). Let h = -1 - -5. Give i(h).
5
Let r be (0 + 2/(-3))*-12. Let j(s) be the second derivative of s**3/6 - 7*s**2/2 - 8*s + 7. Calculate j(r).
1
Let y(t) = t**2 - 3*t + 1. Suppose -d + 6 - 4 = 0. Calculate y(d).
-1
Let g(y) = 4*y**3 - 4*y**2 - 4*y - 8. Let u(j) = -j**3 + 1. Let p(c) = g(c) + 5*u(c). Calculate p(-2).
-3
Let j(s) = -3*s**2 - s + 1. Let g be (10/(-15))/((-4)/(-78)). Let t = g + 14. Determine j(t).
-3
Let q(f) = -4*f - 8. Let v(x) = -x - 1. Let r(o) = q(o) - 5*v(o). What is r(13)?
10
Let w(h) be the second derivative of h**2 + 0 - h + 2/3*h**3 - 1/12*h**4. Give w(4).
2
Let i(y) = -65 + 18 + 34 + y. Calculate i(9).
-4
Let f = 0 - 6. Let z(a) = -a. Let v(j) be the second derivative of 5*j**3/3 - j**2/2 + j. Let w(x) = f*z(x) - v(x). What is w(-1)?
5
Let y(j) = -2*j - 8. Let o be y(-11). Let n(x) = -x**2 + 14*x - 4. Give n(o).
-4
Suppose 2*d = 3*d. Suppose d = -2*r - 12. Let j(x) = 7*x**3 - 5*x**2 + 5*x. Let v(o) = 13*o**3 - 9*o**2 + 9*o. Let u(a) = r*v(a) + 11*j(a). Calculate u(-2).
2
Let d be (-4 + (2 - 1))/(-1). Suppose n - 3 = 2*l - d*l, 2*n + 9 = 3*l. Let h(g) = 2*g**2 - 2 - g**2 + 4*g + g**2 + 2*g**3 - 3*g**3. What is h(l)?
1
Let d(n) = -5*n**3 - 6*n**2 + 7. Let t(b) be the second derivative of -b**5/20 - b**4/12 + b**2/2 + 4*b. Let f(x) = d(x) - 6*t(x). What is f(-1)?
0
Let j(r) be the second derivative of 0*r**2 + 1/6*r**3 - 1/20*r**5 + r + 1/3*r**4 + 0. Determine j(4).
4
Let s be (1 + 1)/((-6)/(-9)). Suppose 3 + s = 2*v. Let r(x) = -2*x**3 - 2 + x**3 - v*x**2 + 0*x + x + x. What is r(-3)?
-8
Let v(w) = w + 4. Let n(h) = -3*h**3 - 16*h**2 - 3*h + 7. Let f be n(-5). Determine v(f).
1
Let f(m) = 2*m**2 - 3 + m**3 + 0*m**2 + 50*m - m**2 - 54*m. What is f(-2)?
1
Suppose -c - 3*c + 8 = 0. Suppose 0 = -g - g - c. Let z(u) = 7*u**3 + u**2. Determine z(g).
-6
Suppose -9 - 11 = -4*k. Suppose 2*h = -11 - 3. Let p(a) = 4*a**2 + 16*a + 22. Let z(m) = -3*m**2 - 11*m - 15. Let v(w) = h*z(w) - 5*p(w). Give v(k).
5
Let s be 3/(-2)*32/(-24). Suppose i - l + 16 = s*l, -2*i - 16 = -2*l. Let c(z) = 2*z + 4. Determine c(i).
-4
Let h(u) = -3*u**3 - 11*u**2 + 5*u - 13. Let s(i) = -2*i**3 - 6*i**2 + 3*i - 7. Let j(m) = -3*h(m) + 5*s(m). Give j(3).
4
Let u(y) be the third derivative of y**6/360 - y**4/8 + y**3/3 - 3*y**2. Let f(t) be the first derivative of u(t). Determine f(0).
-3
Let n = 8 + -11. Let g(d) = -d**2 - 2*d. Determine g(n).
-3
Suppose -3*k + 1 = -2. Let s = k - -2. Let g(n) = 0*n - 2*n + 0*n + 3. Give g(s).
-3
Let y(t) = -2*t**3 + 3*t**3 - 2*t**3 - 5*t - 3 + 5*t**2. Let z be (3 - -2)*2/5. Let v(r) = -r**2 + 3*r + 2. Let u be v(z). Calculate y(u).
-7
Let v be 0/(-2) + 0 - 1. Let x(p) = -7*p - 13. Let i(k) = 1. Let d(c) = 3*c + 11. Let a(f) = -d(f) + 5*i(f). Let m(s) = 13*a(s) - 6*x(s). Give m(v).
-3
Let b(x) be the third derivative of x**4/12 - x**3/3 + 11*x**2. Give b(3).
4
Let f(b) be the first derivative of b**4/2 - b**3 + b**2 - 3*b - 10. Determine f(2).
5
Let g(q) = q - 12. Let k be g(13). Let d(u) = -5*u - 1. Determine d(k).
-6
Let k = 6 - 4. Let d(l) be the third derivative of -l**7/5040 + l**6/240 - l**5/60 - 3*l**2. Let b(w) be the third derivative of d(w). Determine b(k).
1
Suppose 2*m - 18 = 5*t, 6*m - 12 = 3*m. Let a(c) = c**3 - c. Determine a(t).
-6
Let x(b) = -b**3 - 3*b**2 - b - 1. Let r be 2/3 + (-4)/(-12). Let m = r + -3. What is x(m)?
-3
Suppose 0 = 4*g + j + 15, -5*g = -j - 2*j + 40. Let v(z) = -z - 4. Determine v(g).
1
Suppose 0 = -a - 3*a. Suppose w + a = 2. Let q = w + -2. Let n(i) = -i**2 + i - 11. Determine n(q).
-11
Let r(f) = -f - 4. Let d = 43 + -23. Suppose -2*z - d = 2*z. Give r(z).
1
Let c(l) = 0 - 4*l + 2*l + 4*l - 6. Determine c(7).
8
Let u(n) = 2*n**3 + 2*n**2 - 2*n. Let o(c) = c**3 + 5*c**2 + 2*c + 7. Let x be ((-10)/8 - 0)*4. Let v be o(x). Let s = v - -1. Give u(s).
-4
Let z(b) = 5*b**2 - 4*b + 6. Let j(f) = -4*f**2 + 4*f - 6. Let t(k) = -4*j(k) - 3*z(k). Give t(4).
6
Suppose -3*t - 2*o = -5*o + 15, 5*o - 20 = 0. Let l be 0 - ((-1)/1)/t. Let n(y) = 3*y. Calculate n(l).
-3
Let d(f) be the third derivative of -f**6/360 - f**5/120 - f**4/24 - 3*f**3/2 + 3*f**2. Let n(u) be the first derivative of d(u). Determine n(-1).
-1
Let x(t) = t**3 + 6*t**2 + 5*t + 5. Let h = 36 - 54. Let p be 12/h*30/4. Give x(p).
5
Let z(f) be the first derivative of f**3/3 + f**2 - 2*f - 2. Determine z(-4).
6
Let d(q) = q**2 - 3*q + 4. Let c(t) = -13*t - 2. Let w be c(-2). Let o be w/10*(-2 - 3). Let l(j) = j**2 + 11*j - 8. Let h be l(o). Calculate d(h).
8
Let u(g) = g**3 - 4*g**2 + 2*g - 1. Let o(z) = -2*z**3 + 7*z**2 - 5*z + 3. Let d(s) = 2*o(s) + 5*u(s). Give d(6).
1
Let p(h) = -h**2 - 6*h - 6. Let q(z) = -2*z + 17. Let k be q(11). What is p(k)?
-1
Let s(a) = -a**3 + 3*a**2 + 4*a + 3. Suppose 2*i + 2*i - 23 = 3*q, 5*i = 3*q + 28. Let z(g) = g**3 - 5*g**2 + 4. Let m be z(i). Give s(m).
3
Let n(k) = k**2. Let a = -101 + 62. Let s = -26 - a. Suppose -s + 3 = -5*i. What is n(i)?
4
Let i(v) = v**3 + 3*v**2 + 1. Let p(z) be the second derivative of z**4/12 - z**3 + 3*z**2 + 2*z. Let l be p(3). What is i(l)?
1
Let p(h) = 6*h**2 + 2*h + 1. Let x(u) = -u**3 - 6*u**2 - 5*u + 1. Let z be x(-4). Let w be (2/5)/(7/(-175)). Let n = z - w. What is p(n)?
5
Let i(z) = 10*z**2 - 1. Let u(g) be the second derivative of -2*g + 1/2*g**2 + g**3 + 0 + 1/12*g**4. Let h be u(-6). Determine i(h).
9
Let k(h) = h**2 + 3*h - 2. Suppose -j + 3 = 6. Let f be (-9)/j + (-8 - -1). What is k(f)?
2
Suppose 4*c - 16 = 8. Let a(t) = -3*t**3 - 7*t**2 + 4*t - 11. Let w(s) = -2